the remainder when 17154712 is divided by 57.
49
What is the remainder when 53081 is divided by 1416?
689
Calculate the remainder when 3138302 is divided by 653.
637
Calculate the remainder when 9865 is divided by 1013.
748
What is the remainder when 220259 is divided by 73408?
35
Calculate the remainder when 8250112 is divided by 634622.
26
Calculate the remainder when 5249161 is divided by 2605.
86
What is the remainder when 283130 is divided by 141515?
100
What is the remainder when 2807925 is divided by 22?
21
Calculate the remainder when 3174818 is divided by 74.
70
What is the remainder when 7082666 is divided by 124251?
359
Calculate the remainder when 43846086 is divided by 72.
30
Calculate the remainder when 8557 is divided by 1074.
1039
Calculate the remainder when 3018326 is divided by 94.
80
What is the remainder when 102963 is divided by 25712?
115
What is the remainder when 1663973 is divided by 9739?
8343
What is the remainder when 1821102 is divided by 671?
8
What is the remainder when 467901 is divided by 2259?
288
What is the remainder when 13496455 is divided by 1450?
1305
Calculate the remainder when 24279056 is divided by 33.
32
What is the remainder when 43969 is divided by 14529?
382
What is the remainder when 5501580 is divided by 211598?
32
What is the remainder when 13419889 is divided by 958560?
49
Calculate the remainder when 2276827 is divided by 7049.
0
What is the remainder when 11119870 is divided by 2934?
10
What is the remainder when 1653442946 is divided by 1251?
1250
Calculate the remainder when 185713 is divided by 158.
63
What is the remainder when 3379851 is divided by 140827?
3
Calculate the remainder when 1563732 is divided by 1432.
1420
What is the remainder when 17074 is divided by 237?
10
What is the remainder when 7955069 is divided by 3977530?
9
Calculate the remainder when 127353 is divided by 30997.
3365
Calculate the remainder when 6003 is divided by 1156.
223
Calculate the remainder when 6750 is divided by 1800.
1350
What is the remainder when 278329 is divided by 139019?
291
Calculate the remainder when 29043 is divided by 3614.
131
What is the remainder when 116443 is divided by 243?
46
What is the remainder when 8986891 is divided by 184?
147
Calculate the remainder when 27939462 is divided by 8850.
12
What is the remainder when 17445012 is divided by 2017?
1996
Calculate the remainder when 7010796 is divided by 143.
78
Calculate the remainder when 137160 is divided by 7541.
1422
What is the remainder when 76265909 is divided by 1071?
1070
What is the remainder when 535419 is divided by 2067?
66
What is the remainder when 7369660 is divided by 2456552?
4
Calculate the remainder when 231675508 is divided by 5650622.
6
What is the remainder when 221116772 is divided by 4609?
4606
What is the remainder when 1532836 is divided by 1124?
824
Calculate the remainder when 3269622 is divided by 83836.
18
Calculate the remainder when 24310 is divided by 6050.
110
Calculate the remainder when 2986800 is divided by 737.
476
What is the remainder when 7572 is divided by 426?
330
What is the remainder when 10876244 is divided by 47288?
4
Calculate the remainder when 23209 is divided by 3815.
319
What is the remainder when 283256 is divided by 2622?
80
What is the remainder when 310567 is divided by 106?
93
Calculate the remainder when 845462 is divided by 10310.
42
What is the remainder when 3352 is divided by 698?
560
Calculate the remainder when 9401221 is divided by 56.
53
Calculate the remainder when 284820 is divided by 142358.
104
Calculate the remainder when 6679176 is divided by 479.
0
Calculate the remainder when 3469815 is divided by 68035.
30
What is the remainder when 507550 is divided by 32?
30
Calculate the remainder when 555724 is divided by 277695.
334
What is the remainder when 1402752 is divided by 31?
2
What is the remainder when 262227 is divided by 208?
147
Calculate the remainder when 196812 is divided by 98404.
4
Calculate the remainder when 956964 is divided by 2027.
220
What is the remainder when 27641 is divided by 3013?
524
Calculate the remainder when 327970 is divided by 5.
0
What is the remainder when 7764290 is divided by 366?
332
What is the remainder when 92158 is divided by 1959?
85
What is the remainder when 1134618 is divided by 142?
38
What is the remainder when 95472 is divided by 1508?
468
What is the remainder when 414640 is divided by 488?
328
What is the remainder when 58168 is divided by 4845?
28
What is the remainder when 3554114 is divided by 60?
14
Calculate the remainder when 5450192 is divided by 27.
26
Calculate the remainder when 3412677 is divided by 1137543.
48
What is the remainder when 6043321 is divided by 604332?
1
Calculate the remainder when 374515 is divided by 25.
15
Calculate the remainder when 14618 is divided by 13204.
1414
Calculate the remainder when 2568624 is divided by 367.
358
Calculate the remainder when 1414760 is divided by 176841.
32
Calculate the remainder when 93274 is divided by 46326.
622
What is the remainder when 348633 is divided by 6009?
111
What is the remainder when 860395 is divided by 1912?
1907
What is the remainder when 131268 is divided by 15970?
3508
Calculate the remainder when 4008 is divided by 757.
223
Calculate the remainder when 1174276 is divided by 32.
4
What is the remainder when 251012 is divided by 416?
164
Calculate the remainder when 11557 is divided by 1548.
721
What is the remainder when 449086 is divided by 112201?
282
Calculate the remainder when 2688382 is divided by 361.
15
What is the remainder when 700993 is divided by 5154?
49
Calculate the remainder when 614460 is divided by 2041.
119
What is the remainder when 1804836 is divided by 55?
11
Calculate the remainder when 25216145 is divided by 24223.
2
Calculate the remainder when 24663605 is divided by 1860.
5
Calculate the remainder when 34103941 is divided by 7.
4
What is the remainder when 732450 is divided by 926?
910
Calculate the remainder when 493644 is divided by 243094.
7456
What is the remainder when 54435 is divided by 18031?
342
What is the remainder when 507382 is divided by 598?
278
What is the remainder when 28557834 is divided by 484031?
5
What is the remainder when 102751142 is divided by 409367?
25
Calculate the remainder when 138838 is divided by 83.
62
Calculate the remainder when 10049028 is divided by 1435558.
122
What is the remainder when 458074 is divided by 152590?
304
What is the remainder when 3037587 is divided by 255?
27
What is the remainder when 146204 is divided by 18254?
172
Calculate the remainder when 9768 is divided by 73.
59
What is the remainder when 4795323 is divided by 3124?
3107
Calculate the remainder when 303374 is divided by 4739.
78
Calculate the remainder when 1141046 is divided by 570475.
96
Calculate the remainder when 1535305 is divided by 97.
86
Calculate the remainder when 5212759 is divided by 3034.
347
Calculate the remainder when 6425231 is divided by 1419.
1418
What is the remainder when 1611865 is divided by 1611822?
43
What is the remainder when 1509255842 is divided by 503085278?
8
What is the remainder when 3664 is divided by 912?
16
Calculate the remainder when 26119039 is divided by 5223807.
4
Calculate the remainder when 26275 is divided by 4827.
2140
What is the remainder when 21618 is divided by 20572?
1046
What is the remainder when 1114249 is divided by 1139?
307
What is the remainder when 146425317 is divided by 26?
25
Calculate the remainder when 97626 is divided by 24369.
150
What is the remainder when 103060 is divided by 102750?
310
Calculate the remainder when 844522 is divided by 85.
47
Calculate the remainder when 74827 is divided by 24787.
466
What is the remainder when 3011249 is divided by 1003738?
35
Calculate the remainder when 175296326 is divided by 5818.
5804
What is the remainder when 1051508 is divided by 23505?
17288
Calculate the remainder when 23683211 is divided by 364357.
6
Calculate the remainder when 200359 is divided by 9533.
166
What is the remainder when 3193757 is divided by 7097?
107
Calculate the remainder when 100454 is divided by 4016.
54
What is the remainder when 104782 is divided by 24828?
5470
What is the remainder when 724586 is divided b